9 a prime number?
True
Is 134784809 composite?
True
Is 1163702849 a prime number?
True
Is 15292007 a composite number?
False
Is 8863691 prime?
True
Is 3813061 a composite number?
True
Is 1271781505 prime?
False
Is 6412171 prime?
True
Is 25474958 composite?
True
Is 6856973 composite?
False
Is 10504465 a prime number?
False
Is 15902723 a prime number?
True
Is 427417 prime?
True
Is 81103853 prime?
True
Is 65811329 a composite number?
False
Is 2419577 prime?
False
Is 2807587 prime?
False
Is 115232153 composite?
True
Is 1542179 composite?
False
Is 2055881 a prime number?
False
Is 58582031 a prime number?
True
Is 2292611 composite?
True
Is 3640561 composite?
False
Is 53995037 prime?
False
Is 7591667 a prime number?
False
Is 31685701 a composite number?
True
Is 1083031 prime?
True
Is 1230893 a prime number?
False
Is 29371 prime?
False
Is 22551 a prime number?
False
Is 26440231 a prime number?
False
Is 520019 a composite number?
False
Is 4035193 prime?
False
Is 43848023 prime?
True
Is 80220977 prime?
False
Is 1890517 composite?
True
Is 7636661 prime?
True
Is 14833123 a composite number?
True
Is 53506619 a prime number?
True
Is 282641945 a prime number?
False
Is 289005833 composite?
True
Is 576176687 prime?
True
Is 620967871 prime?
True
Is 210207467 a prime number?
False
Is 2395213 composite?
False
Is 85495511 prime?
False
Is 27505 a prime number?
False
Is 1966123 prime?
True
Is 3395867 a composite number?
False
Is 66243959 a prime number?
True
Is 9942433 prime?
False
Is 3060193 a prime number?
False
Is 1815563 a composite number?
True
Is 12430883 a prime number?
False
Is 49060171 a composite number?
True
Is 5269699 prime?
False
Is 1050129649 a prime number?
True
Is 961292239 a composite number?
True
Is 626798 a composite number?
True
Is 1081277 a composite number?
False
Is 12280109 a composite number?
False
Is 720584599 a prime number?
False
Is 436010261 a prime number?
False
Is 68248871 a composite number?
False
Is 35089393 composite?
False
Is 6030473 a composite number?
False
Is 9115007 a composite number?
True
Is 3302251 a composite number?
False
Is 4154197 composite?
False
Is 3326461 a composite number?
True
Is 4395541 prime?
True
Is 273541 prime?
False
Is 2175185 a composite number?
True
Is 14167113 a prime number?
False
Is 431785 a prime number?
False
Is 23450081 composite?
True
Is 101825149 prime?
False
Is 48704839 composite?
True
Is 20714951 a prime number?
True
Is 419291 prime?
True
Is 196803741 prime?
False
Is 80107949 composite?
False
Is 50808491 prime?
True
Is 3883597 a prime number?
True
Is 37647023 a composite number?
False
Is 193687817 prime?
False
Is 1620803 prime?
True
Is 2321443 a composite number?
False
Is 21518333 a prime number?
True
Is 12960221 composite?
True
Is 10325083 composite?
False
Is 853241 prime?
True
Is 1058312117 a prime number?
False
Is 99038299 a prime number?
False
Is 6930201 prime?
False
Is 6611533 prime?
True
Is 24393263 prime?
False
Is 16568449 a composite number?
True
Is 28873294 a prime number?
False
Is 20635169 composite?
False
Is 11232469 a composite number?
False
Is 81196319 a prime number?
True
Is 1831094 a composite number?
True
Is 283134689 a prime number?
False
Is 38124719 a prime number?
True
Is 1271317 a composite number?
False
Is 197947 a prime number?
True
Is 2730131 composite?
True
Is 43296115 prime?
False
Is 92875099 prime?
True
Is 3903101 composite?
False
Is 1099741 prime?
True
Is 140481827 a prime number?
False
Is 1215217 a composite number?
True
Is 681235 a prime number?
False
Is 29878313 composite?
True
Is 22668757 prime?
True
Is 3208979 prime?
True
Is 32479301 a prime number?
False
Is 1812977 composite?
True
Is 368058679 a prime number?
True
Is 57289982 composite?
True
Is 8001481 composite?
True
Is 56212229 a prime number?
True
Is 51264281 a composite number?
False
Is 2603933 a composite number?
False
Is 2002967 a prime number?
True
Is 77347337 a prime number?
False
Is 39836077 prime?
True
Is 44247499 composite?
True
Is 153027427 composite?
True
Is 18393151 a composite number?
True
Is 70253137 a composite number?
False
Is 675637 composite?
True
Is 5632327 prime?
True
Is 49814669 composite?
True
Is 6307489 composite?
False
Is 80031527 a prime number?
False
Is 989623 a composite number?
False
Is 65718483 composite?
True
Is 140249 a composite number?
False
Is 236497 a composite number?
True
Is 228488251 a prime number?
True
Is 25417973 composite?
True
Is 244537 composite?
True
Is 202171439 a prime number?
True
Is 1646929 composite?
True
Is 8308919 composite?
False
Is 75316081 composite?
True
Is 169724077 a composite number?
False
Is 3009301 a composite number?
True
Is 43683377 composite?
False
Is 84314117 composite?
False
Is 3321841 a prime number?
True
Is 5641751 a composite number?
True
Is 134426749 prime?
True
Is 1507087 composite?
True
Is 22323079 prime?
False
Is 13626727 prime?
False
Is 103867871 a composite number?
True
Is 247681151 a composite number?
False
Is 6041081 a prime number?
False
Is 2448949 composite?
False
Is 6827087 prime?
True
Is 150269351 prime?
True
Is 589115623 prime?
True
Is 15597913 prime?
True
Is 4108795 a prime number?
False
Is 55983821 prime?
True
Is 2705413 composite?
False
Is 325917037 a composite number?
True
Is 12679243 a composite number?
True
Is 2727841 composite?
False
Is 2640529 a composite number?
True
Is 90062627 composite?
False
Is 69907987 composite?
True
Is 2266529 a prime number?
False
Is 361333631 a composite number?
False
Is 11469943 prime?
False
Is 31608721 composite?
False
Is 21759253 a composite number?
False
Is 15810869 composite?
True
Is 6329227 prime?
True
Is 7617679 a composite number?
False
Is 9789071 prime?
True
Is 2045129 prime?
True
Is 858817 prime?
True
Is 17985197 composite?
False
Is 10883321 composite?
False
Is 593272777 composite?
True
Is 21262849 a prime number?
True
Is 54029753 prime?
True
Is 50030917 a composite number?
False
Is 28136579 a prime number?
False
Is 353893 a composite number?
True
Is 76457071 composite?
False
Is 1048505 composite?
True
Is 31915669 composite?
False
Is 1177991 a prime number?
False
Is 66497947 prime?
True
Is 48803791 a prime number?
False
Is 180403585 composite?
True
Is 3050207 composite?
True
Is 21975517 a prime number?
True
Is 2467523 a prime number?
False
Is 1852065989 a prime number?
True
Is 33251143 composite?
False
Is 12482713 a prime number?
False
Is 4679881 a composite number?
True
Is 677357 prime?
True
Is 2738786 prime?
False
Is 83969 prime?
True
Is 44979359 composite?
True
Is 18590729 a composite number?
True
Is 6380677 prime?
False
Is 5818961 a composite number?
True
Is 13790873 a composite number?
True
Is 7967209 a prime number?
True
Is 18776429 composite?
True
Is 602401097 a composite number?
False
Is 50336815 composite?
True
Is 7525907 a prime number?
True
Is 19161029 prime?
True
Is 2976053 a composite number?
False
Is 4924817 a prime number?
True
Is 1422019 prime?
False
Is 1239319 composite?
False
Is 362183 a composite number?
True
Is 78116791 a composite number?
True
Is 307421411 a composite number?
True
Is 4477043 prime?
True
Is 676125563 composite?
True
Is 6976315 prime?
False
Is 13970833 a prime number?
False
Is 68738231 prime?
True
Is 495109 a prime number?
True
Is 366079579 prime?
True
Is 33667337 prime?
False
Is 160203983 composite?
False
Is 5085571 prime?
True
Is 192823 a prime number?
False
Is 535063 composite?
True
Is 232791587 prime?
False
Is 2410481 prime?
False
Is 5230895 a composite number?
True
Is 7146782 a prime number?
False
Is 425959 a composite number?
False
Is 27311197 composite?
True
Is 66392857 prime?
False
Is 1433318 a prime number?
False
Is 2098079 composite?
False
Is 19054643 a prime number?
False
Is 1270735 a prime number?
False
Is 3596309 composite?
False
Is 143353741 a prime number?
False
Is 5959633 prime?
True
Is 1519111 a composite number?
True
Is 18696749 composite?
False
Is 9269059 composite?
True
Is 154622053 a composite number?
False
Is 11397023 prime?
False
Is 1380149 prime?
True
Is 2654447 composite?
False
Is 6223753 prime?
False
Is 9274591 a composite number?
True
Is 72662431 a composite number?
False
Is 647635693 prime?
True
Is 9158518 prime?
False
Is 2359921 a prime number?
True
Is 110744143 prime?
True
Is 13897223 a prime number?
True
Is 1210351 a p